9
List the prime factors of 108179721.
3, 13, 17, 137, 397
List the prime factors of 2632517554.
2, 1316258777
What are the prime factors of 1251647071?
1251647071
List the prime factors of 318912281.
318912281
What are the prime factors of 179168512?
2, 47, 14891
List the prime factors of 1006526615.
5, 19, 10595017
What are the prime factors of 41662920?
2, 3, 5, 13, 17, 1571
What are the prime factors of 7434673060?
2, 5, 371733653
What are the prime factors of 5214512904?
2, 3, 217271371
What are the prime factors of 264000255?
3, 5, 89, 197753
List the prime factors of 2007707532.
2, 3, 167308961
What are the prime factors of 379265475?
3, 5, 5056873
List the prime factors of 2225279221.
11, 19, 73, 157, 929
What are the prime factors of 193601976?
2, 3, 8066749
What are the prime factors of 610146889?
11, 389, 142591
What are the prime factors of 5351903556?
2, 3, 727, 613469
What are the prime factors of 241749305?
5, 7, 37, 186679
List the prime factors of 59765280.
2, 3, 5, 89, 1399
List the prime factors of 99075434.
2, 41, 1208237
List the prime factors of 114431070.
2, 3, 5, 13, 293413
What are the prime factors of 82855093?
17, 193, 25253
What are the prime factors of 32771332?
2, 11, 43, 17321
What are the prime factors of 685558641?
3, 4517, 50591
List the prime factors of 480681254.
2, 617, 389531
What are the prime factors of 5595448?
2, 17, 41143
List the prime factors of 423275697.
3, 13, 1277, 2833
What are the prime factors of 115585337?
7, 3529, 4679
List the prime factors of 125508848.
2, 7844303
What are the prime factors of 307026652?
2, 76756663
List the prime factors of 4996768271.
11, 454251661
What are the prime factors of 3571082100?
2, 3, 5, 103, 12841
What are the prime factors of 542665?
5, 108533
List the prime factors of 5202805235.
5, 1040561047
List the prime factors of 1108728837.
3, 193, 263, 809
List the prime factors of 1037105691.
3, 43, 1091, 7369
List the prime factors of 26927988.
2, 3, 719, 3121
What are the prime factors of 65530093?
65530093
List the prime factors of 37494416.
2, 23, 139, 733
List the prime factors of 577690070.
2, 5, 57769007
What are the prime factors of 6024407256?
2, 3, 7, 11953189
List the prime factors of 4293108495.
3, 5, 13, 103, 71249
List the prime factors of 177660062.
2, 88830031
What are the prime factors of 59194561?
17, 37, 94109
List the prime factors of 55557760.
2, 5, 47, 1847
List the prime factors of 249431666.
2, 11, 11337803
What are the prime factors of 68560349?
11, 13, 89, 5387
List the prime factors of 1516169828.
2, 19, 19949603
What are the prime factors of 66502919?
7, 2467, 3851
What are the prime factors of 121000905?
3, 5, 29, 31, 997
What are the prime factors of 501288220?
2, 5, 23, 1089757
List the prime factors of 36330354.
2, 3, 109, 18517
What are the prime factors of 101577092?
2, 67, 5657
What are the prime factors of 159952576?
2, 7, 557, 641
List the prime factors of 598671717.
3, 7, 79, 360863
List the prime factors of 4518938468.
2, 11, 102703147
List the prime factors of 62814378.
2, 3, 11, 41, 139, 167
List the prime factors of 13340349.
3, 11, 44917
List the prime factors of 45943751.
7, 37, 179, 991
What are the prime factors of 86349091?
19, 4544689
What are the prime factors of 3087642?
2, 3, 17, 30271
List the prime factors of 54006793.
54006793
What are the prime factors of 477541571?
13, 23, 1597129
List the prime factors of 797906784.
2, 3, 677, 12277
What are the prime factors of 34376657?
7, 173, 28387
What are the prime factors of 437044021?
7253, 60257
List the prime factors of 1064108935.
5, 631, 337277
What are the prime factors of 238956575?
5, 11, 13, 66841
List the prime factors of 668004593.
199, 907, 3701
List the prime factors of 51187631.
11, 4653421
What are the prime factors of 850133798?
2, 425066899
List the prime factors of 2772445711.
7, 396063673
List the prime factors of 106274727.
3, 13, 31, 9767
List the prime factors of 117839080.
2, 5, 37, 79621
List the prime factors of 3260541756.
2, 3, 271711813
What are the prime factors of 43321805?
5, 19, 24001
List the prime factors of 75384579.
3, 17, 1478129
What are the prime factors of 245640840?
2, 3, 5, 41, 49927
What are the prime factors of 2457468950?
2, 5, 49149379
What are the prime factors of 574934857?
7, 1231, 66721
List the prime factors of 40085166.
2, 3, 11, 197, 3083
What are the prime factors of 5354218769?
131, 191, 213989
What are the prime factors of 392252590?
2, 5, 39225259
What are the prime factors of 855437331?
3, 7, 17, 29, 53, 1559
What are the prime factors of 766488598?
2, 131, 421, 6949
List the prime factors of 758420812.
2, 189605203
List the prime factors of 69758551.
5059, 13789
What are the prime factors of 248541245?
5, 49708249
List the prime factors of 9649715.
5, 1929943
List the prime factors of 864048333.
3, 59, 4881629
What are the prime factors of 217528891?
19, 31, 369319
List the prime factors of 82691435.
5, 16538287
What are the prime factors of 663121126?
2, 41, 8086843
List the prime factors of 38760125.
5, 310081
List the prime factors of 4154519.
4154519
What are the prime factors of 1516773138?
2, 3, 29, 1783, 4889
List the prime factors of 148886795.
5, 59, 431, 1171
What are the prime factors of 1955474704?
2, 467, 261707
List the prime factors of 1124081771.
281, 4000291
What are the prime factors of 4083026354?
2, 11, 185592107
List the prime factors of 91328636.
2, 7, 3261737
What are the prime factors of 2481519721?
19013, 130517
What are the prime factors of 283780685?
5, 257, 220841
List the prime factors of 155569576.
2, 19446197
What are the prime factors of 239717322?
2, 3, 13, 1024433
What are the prime factors of 65084584?
2, 29, 280537
List the prime factors of 3559379623.
67, 53125069
List the prime factors of 2875944427.
73, 1223, 32213
What are the prime factors of 126453390?
2, 3, 5, 7, 701, 859
List the prime factors of 207504718.
2, 47, 79, 27943
What are the prime factors of 1347453900?
2, 3, 5, 13, 2953
What are the prime factors of 105335438?
2, 13, 4051363
What are the prime factors of 897495722?
2, 17, 26396933
List the prime factors of 33615992.
2, 53, 79283
What are the prime factors of 62897402?
2, 5333, 5897
List the prime factors of 74308243.
109, 681727
List the prime factors of 21670502.
2, 7, 1547893
What are the prime factors of 349251081?
3, 6337, 18371
What are the prime factors of 439105052?
2, 23, 521, 9161
What are the prime factors of 2959166364?
2, 3, 7, 11, 61, 52501
List the prime factors of 3503436023.
21193, 165311
List the prime factors of 29106392.
2, 7, 41, 1811
List the prime factors of 1167341663.
6949, 167987
List the prime factors of 4968043.
251, 19793
What are the prime factors of 66515145?
3, 5, 4434343
What are the prime factors of 1310694930?
2, 3, 5, 1627, 8951
List the prime factors of 149146015.
5, 17, 1754659
List the prime factors of 612765334.
2, 103, 2974589
What are the prime factors of 1169409358?
2, 13, 3459791
What are the prime factors of 893650200?
2, 3, 5, 223, 6679
What are the prime factors of 817323645?
3, 5, 54488243
What are the prime factors of 30172868?
2, 11, 685747
What are the prime factors of 92469738?
2, 3, 15411623
List the prime factors of 637993493.
17, 79, 475051
List the prime factors of 6237880968.
2, 3, 11, 23, 1027319
List the prime factors of 882155698.
2, 29, 367, 41443
What are the prime factors of 913115412?
2, 3, 11, 137, 16831
List the prime factors of 1390519435.
5, 179, 1553653
List the prime factors of 3302024085.
3, 5, 73378313
List the prime factors of 1967523899.
11, 373, 479533
What are the prime factors of 279354393?
3, 10346459
What are the prime factors of 304569057?
3, 13, 7809463
What are the prime factors of 307046376?
2, 3, 7, 13, 41, 127
What are the prime factors of 404316583?
11, 457, 80429
List the prime factors of 120895181.
11, 157, 70003
List the prime factors of 972940401.
3, 29, 3727741
What are the prime factors of 1588869285?
3, 5, 6829, 15511
List the prime factors of 16254024.
2, 3, 223, 3037
What are the prime factors of 67998594?
2, 3, 127, 89237
What are the prime factors of 65545593?
3, 41, 727, 733
List the prime factors of 2726881662.
2, 3, 454480277
What are the prime factors